 + 6*o(u). Calculate t(5).
1
Let i(u) be the third derivative of -u**4/24 + 7*u**3/3 - 3*u**2. Let k be i(7). Let f(t) = k + 0*t - 4*t + 3*t. What is f(5)?
2
Suppose 0 = -10*j - 18 - 12. Let w(f) = f**2 - 1. What is w(j)?
8
Let k(m) = m**2 + 5*m + 4. Suppose 0 = 5*j + 14 + 6. What is k(j)?
0
Suppose -9 = -0*k - 3*k. Let p = -9 + k. Let n be 1 + (-6)/(-9)*p. Let t(a) = a - 2. Calculate t(n).
-5
Let f(m) = -5*m**3 - 6*m + 7*m + 4*m**3. What is f(1)?
0
Let m = 3 + -3. Suppose 5*h + 0*h - 20 = m. Let x(z) = 4*z + 2. Let i(c) = 2*c + 1. Let y(u) = 5*i(u) - 3*x(u). Give y(h).
-9
Let x(p) be the third derivative of p**8/20160 + p**7/5040 - p**6/240 + p**5/30 + 2*p**2. Let s(j) be the third derivative of x(j). What is s(0)?
-3
Let r = 16 - 36. Let v = 15 + r. Let g(b) = -b**2 - 6*b - 6. Give g(v).
-1
Let y(n) be the first derivative of n**4/4 + n**3 - 2*n**2 + 5*n - 9. Determine y(-4).
5
Let r(z) = 0 - 5 - 3*z**2 - 4*z + 4*z**2. Suppose -6*u + 3*u = 4*n - 4, -2*n = 3*u - 8. Determine r(u).
-5
Let n(m) be the second derivative of -m**4/12 + m**3/6 + 5*m**2/2 + 11*m. What is n(0)?
5
Let i(f) be the third derivative of f**4/24 + 7*f**3/6 + 6*f**2. Give i(6).
13
Suppose -3*q - 9 = -3. Let k = q - -2. Let z(i) = -7*i**2 - 3*i + 10. Let c(f) = -4*f**2 - 2*f + 5. Let b(y) = -5*c(y) + 3*z(y). Calculate b(k).
5
Let j(a) = 2*a + 27. Let y be j(-9). Let t(w) = w**3 - 8*w**2 - 10*w + 5. Give t(y).
-4
Let q(f) = -f - 8. Let t be q(-8). Let b = t + 1. Let y(k) = 9*k + 0*k - k. Calculate y(b).
8
Let o be 6*(0 - (-6)/(-9)). Let t(k) be the first derivative of -k**3/3 - 5*k**2/2 - 2*k + 4. Calculate t(o).
2
Let x = 0 - -4. Suppose x*p - 5*p + 11 = -b, -19 = -p + 5*b. Let o be 2 - (p - (-1 + 3)). Let j(l) = l - 1. What is j(o)?
-6
Let t(u) be the second derivative of -u**3/6 + 7*u**2/2 - u. Suppose 4*k - 2 = 2*c, c - 1 = -5*k + 4*c. Suppose k*j - 6 = 2*g, 2*g - 5*g = 2*j - 6. Give t(g).
7
Let v(t) = 2*t + 11 - 6 - 3 + 1. What is v(4)?
11
Suppose m + 10 = 2*t, 0 = -3*t - 0*t + 9. Let c(r) = 31 + r**3 - 20 + 3*r**2 - 4*r - 2*r - 14. Determine c(m).
5
Let w(u) = -7*u**2 + 1. Suppose 3*o - 71 - 7 = 0. Suppose 3*j + t = -8, -3*j - o = 5*t + 2. Give w(j).
-6
Suppose 8*j + 10 = 3*j. Let t be ((-12)/12)/(j/10). Let x(q) = q**2 - 5*q + 3. What is x(t)?
3
Suppose 2*w = 7 + 1. Let q(z) = 6*z**3 - 9*z**2 - z + 1. Let h(i) = -7*i**3 + 10*i**2 + 2*i - 2. Let k(g) = -5*h(g) - 6*q(g). What is k(w)?
-12
Let u = 3 + -1. Suppose u*j + 5 = j. Let z(v) = -v**2 - 5*v + 5. Calculate z(j).
5
Suppose 0 = -3*g - 3*t - 2*t + 1, 7 = 2*g - 3*t. Let l(j) = j**2 + 5 - 3 - 3 + 6*j + g. Calculate l(-5).
-4
Let n(f) = -2*f - 1. Let o be ((-3)/(-2))/(-5*18/(-120)). Determine n(o).
-5
Let s be (7 - 13)*1/(-1). Let w(j) = j**2 - 5*j + 3. Calculate w(s).
9
Let x(l) = -l**3 - 1. Let d be ((-3)/(-2) - 1)*8. Suppose 2*m + 4 = 3*b - 7, 20 = d*b. Let g be m*1*(-2)/(-4). Determine x(g).
-2
Let a(v) = -2*v. Suppose 0 = -b - 2*b - 5*c - 26, 12 = 4*b - 5*c. What is a(b)?
4
Let v be -3*(-14)/6 + -2. Let b(k) = k**2 - 5*k - 6. What is b(v)?
-6
Let o be (-2)/(-6) - (-48)/(-36). Let k(p) = 14*p - 7. Let i(b) = 7*b - 4. Let w(q) = -7*i(q) + 4*k(q). Give w(o).
-7
Let k(o) = -o**2 + 5*o - 3. Let s(m) = -m**2 + 34*m - 61. Let z be s(32). What is k(z)?
3
Let n(v) be the first derivative of -1/2*v**2 + 1 + 3*v. Let s = -2 - -5. What is n(s)?
0
Let y(x) be the first derivative of -x**3/3 + x**2 + 2*x - 4. What is y(3)?
-1
Let p(r) = 2*r + 8. Let a = 62 + -69. Give p(a).
-6
Let m(w) = 8*w**3 + 1. Let a = 2 - 3. Let s be (-1 - -3)/(1 - a). What is m(s)?
9
Suppose -4*f - 4 = 0, 6 = u - 2*f - 0*f. Suppose 5*c + 25 = w + c, -2*w + 30 = -u*c. Let x(j) = 4*j - 2*j - 4 + 1. Determine x(w).
7
Let l(r) = 17 - r**2 - 4*r - 41 + 25. Determine l(-2).
5
Let u be (-4)/(-6) + 2/(-3). Let k be 3*(0 + -1) + u. Let w(a) = -a - 2. Let m(t) = -2*t - 5. Let c(o) = 2*m(o) - 7*w(o). Give c(k).
-5
Let l(t) be the third derivative of -t**5/60 + t**4/24 - 2*t**3/3 + t**2. Suppose p = -2*k - 2, -5*p - 5*k + 10*k = -5. Determine l(p).
-4
Let k(f) = 7*f + 10. Let q(h) = 4*h + 5. Let d(b) = -3*k(b) + 5*q(b). Let i = -10 - -5. Give d(i).
0
Let z(k) = -k**2 + k. Let b(w) = w**2 + 0 + 9 + w - 4. Let a be b(0). Suppose -a*n + 7 = -y - 4, 4*y + 4*n = 4. What is z(y)?
-2
Let a(z) = -z - 2. Let c(f) = -3*f**2 + 0 - 1 + 4*f**3 + 2*f + 2*f**2 + 0. Let p be c(1). Determine a(p).
-6
Suppose x - w - 2*w = 9, 0 = -x - 3*w + 27. Let f = x - 17. Let p(u) be the first derivative of -2*u**2 + 2. Determine p(f).
-4
Let k(p) be the second derivative of -p**3/6 - 3*p**2 - p - 20. Calculate k(6).
-12
Let v(s) = 14*s - 1. Let q = -60 + 59. Calculate v(q).
-15
Let f(l) = -l + 7. Suppose 0 + 12 = 4*x. Suppose -18 = -x*d - 3. Calculate f(d).
2
Suppose -3*f = -f - 38. Suppose -1 - f = 4*w. Let k(r) = r + 2. Calculate k(w).
-3
Let k(d) = d. Let t = -17 - -20. What is k(t)?
3
Let w(m) = m**2 - 6*m - 3. Let s be (4/3)/(6/18). Determine w(s).
-11
Let y = 21 - 16. Let i(m) be the first derivative of -8*m + 1/2*m**2 - 1. Calculate i(y).
-3
Let f(h) = 3*h - 2. Let i(b) = -b - 1. Let z(y) = 8*y + 3. Let l(o) = -4*i(o) - z(o). Let c(u) = 6*f(u) + 5*l(u). Calculate c(-6).
5
Suppose 39 - 15 = -4*q. Let f(v) = 3*v - v - 4*v + v - 6. What is f(q)?
0
Let j(q) = -q**3 + 5*q**2 + 8*q. Let g(l) = l**2 + 5*l + 6. Let u be g(-5). Let o be j(u). Suppose -4*b - 8 = o. Let a(n) = n**3 + 5*n**2 + n. Give a(b).
-5
Let w(a) = 3*a + 1 - 3*a + 2 - 2*a. Determine w(-3).
9
Let p(y) = -8 - 5*y**2 - 4*y + 5 + 7*y. Give p(2).
-17
Let r(n) = n**3 - n**2 - 4. Let v(c) = c**3 - 7*c**2. Let u be v(7). Determine r(u).
-4
Let r(h) = 9 + 0*h + 3*h - 4*h - h. What is r(6)?
-3
Let y(f) = 6*f - 1. Let o be 6*(-2)/(-8)*2. Suppose -5*r + m = 17, o*r + 5 = -2*r + 5*m. Let p be (-14)/r*4/7. Give y(p).
11
Let v(y) = -7*y - 2*y - y - y**2 - 13. Suppose 2*h + 41 = -5*z - 0*h, -4*z + 3*h - 42 = 0. Let x be v(z). Let w(t) = -t**3 - 3*t**2 + 7*t + 5. Give w(x).
-7
Let p be 0 - -10 - ((1 - 6) + 6). Let s(c) = 2*c - 10. What is s(p)?
8
Let n(h) = 3*h. Let m(b) = b**3 - 8*b**2 - 9*b - 3. Let y(t) = 8*t**3 + t. Let w be y(1). Let f be m(w). What is n(f)?
-9
Let h be (-6)/(-4)*-2 - 2*-1. Let g(s) = 5*s**2 + 1. Determine g(h).
6
Let m(n) = 4*n + 3*n**2 + 5*n - 1 - 12*n. What is m(3)?
17
Let b(i) = -i**3 - 3*i**2 - 3*i - 2. Suppose 5*j - 6 = 7*j. What is b(j)?
7
Let g be (2/(-4))/((-4)/(-88)). Let h = -9 - g. Let s(k) = -k**3 + 2*k**2 + k - 1. What is s(h)?
1
Let w be -3 + 0/(3/(-1)). Let d = 11 + w. Let f(v) = -2*v + d*v - v**2 - 8 + 3. Calculate f(5).
0
Let t(q) = -2*q**2 - q**2 + q**3 + 2 + 0 + 4*q**2. Determine t(-2).
-2
Let m(o) = -5*o**2. Let c(j) = 3*j**2 + j - 2. Let u be c(-2). Let f = u + -20. Let n be (-2)/(-8) - f/16. Determine m(n).
-5
Let r(u) = u + 1. Let a(c) = 7*c + 6. Let i(s) = -a(s) + 6*r(s). Give i(9).
-9
Suppose 0 = 2*c + 4*y + 8, c + 4*y = 2*c + 10. Let b(q) = 7*q - 4*q - 2*q + 5. Calculate b(c).
-1
Let g(q) = -q - 7. Let o = 5 + 0. Suppose o*w + 17 = -3. What is g(w)?
-3
Let q(t) = 6*t - 4*t + 7*t - 3*t + t**2. Give q(-5).
-5
Let n(f) be the first derivative of f**4 - f**3/3 + f**2/2 + f - 18. Suppose -u + 3*j = 16, 2*u - 5*u - 4*j = -17. Determine n(u).
-5
Let b(k) = -k**3 - 4*k**2 + 2*k. Let c be (20/6)/((-6)/(-9)). Let a = c - 9. Give b(a).
-8
Let k(d) = -d**3 - 6*d**2 - 5*d - 5. Let g(w) = w + 2. Let t(r) = -r - 1. Let a(s) = -2*g(s) - 5*t(s). Let p be a(-2). Calculate k(p).
-5
Let l(w) = -5*w - 3. Let f(t) = 3*t + 2. Let z(o) = -8*f(o) - 5*l(o). Let r be z(3). Let v(k) = 2*k - k**2 - r - 2*k + 0*k. Give v(2).
-6
Suppose -67 = -24*p + 77. Let l(q) = q - 4. Determine l(p).
2
Let d(i) = 0*i - i + 10*i**2 + i**3 - 7*i**2. What is d(-3)?
3
Let d be 5/2*(-18)/(-15). Let v(q) = -1 - q - q - q**2 + d*q - 2*q. Calculate v(2).
-7
Let h(i) be the second derivative of i**3/6 + 3*i**2 + i. Let r be h(-3). Let k(p) = -r + 2*p + 1 + 1 - 2*p**2. Give k(2).
-5
Let h(q) = -2*q + 5. Let r(x) = -5*x + 10. Let t(w) = -7*h(w) + 3*r(w). Suppose 3*s - 16 = -2*m, -s - 2*m + 0 + 8 = 0. Calculate t(s).
-9
Let b(f) = -f**2 - 2 - f + 2*f + 0*f**3 + f**3. Let p be b(0). Let z(d) = d - 2. What is z(p)?
-4
Let p(x) = -2*x. Let n be p(1). Let o = 1 - n. Let b(y) = y**2 - 2*y**2 - 1 + 7*y**3 + y**o + 2*y. Determine b(1).
8
Let x(o) = -o**2